4*j**2 - 3*j. Calculate t(x).
-5
Let g(j) = 5*j - 13. Let d(l) = l - 1. Let v(y) = 6*d(y) - g(y). Determine v(0).
7
Let p(t) be the second derivative of t**3/6 - 6*t**2 - 8*t. Suppose -3*j + x + 24 = 0, -3*j + 33 = j - x. Let f be p(j). Let g(l) = -3*l + 3. Determine g(f).
12
Suppose -2 = 5*r + 43. Let w = -7 - r. Let s(j) = w*j + 5*j + 0 + 1. Determine s(-1).
-6
Suppose 5*p - 10 = -0*p. Suppose -8 = -2*w - p*w. Let f(i) = -3*i**2 + 4*i - 2. What is f(w)?
-6
Let i(z) = -z**2 - z + 1. Let d(h) = h**3 - 6*h**2 + 10*h + 5. Let b(r) = -d(r) - 3*i(r). What is b(8)?
0
Suppose 0 = -24*v + 20*v + 16. Let m(a) = -a**3 + 3*a**2 + 4*a + 3. Calculate m(v).
3
Let n(m) = -2*m**2 + 1 + 3*m**2 - 17*m**2. Give n(-1).
-15
Let n(d) = 10 - 2 + 5*d**2 - 2*d - 8. What is n(-2)?
24
Let p be (18/(-27))/(4/6). Let n(t) = -1 + 11*t + 0*t + 0. What is n(p)?
-12
Let p(n) = 9*n + 1. Let b(i) = i + 4. Let z be b(-3). Let c be -2*z/(-6)*-3. What is p(c)?
-8
Suppose 4 + 2 = 3*o. Let y(h) = h**3 - 3*h + 4*h**3 + 2*h**o - 4*h**3 - 3. Calculate y(-3).
-3
Let m(u) be the second derivative of u**5/20 + u**4/2 + 5*u**3/6 + u**2 - 5*u - 2. Give m(-4).
14
Let v(t) = t + 9. Let m be 1/(-3) + 8/(-3) + -4. Calculate v(m).
2
Let a(t) be the first derivative of t**4/4 + 2*t**3 + 2*t**2 - 4*t - 2. Let v(d) = d**3 + 6*d**2 - 5. Let c be (-2)/3 - 32/6. Let u be v(c). Give a(u).
1
Let r(k) be the third derivative of -1/60*k**5 + 7/24*k**4 + 0*k + 3*k**2 + 0 - 2/3*k**3. What is r(5)?
6
Let s = -21 + 16. Let f(x) = -x**3 - 6*x**2 - 5*x - 2. Calculate f(s).
-2
Let i(p) = p**2 + 2*p + 3. Let b(m) = -m**2 + 12*m - 13. Let q be b(11). What is i(q)?
3
Let k(p) = -2*p**2 - 7*p - 6*p**3 + 8 + 5*p**3 + 9*p**2. Give k(6).
2
Let m(f) = -3*f. Let a be -1*(8/4)/(-2). Calculate m(a).
-3
Let n be (0/(-1))/(-3) + 3. Let o(v) = -v**2 - v. Let a be o(0). Suppose -n*u = -a - 9. Let z(q) = q**2 - 3*q - 3. Calculate z(u).
-3
Let w(f) = 2*f - 4. Let k be 29/9 + 2/(-9). Let t be w(k). Let j(r) = r**2 + 3*r - 3. Calculate j(t).
7
Let h be (-2 - -3) + 4/1. Suppose 13 - 1 = 4*t. Let z(j) = j**2 - 3*j - t*j + 5 - 1. Calculate z(h).
-1
Let c(f) = f**2 - f + 1. Let y(i) = 2*i**2 - 9*i + 4. Let h(w) = -3*c(w) + y(w). Calculate h(-7).
-6
Let c(p) = p - 1 + p**2 + 0*p**3 + 2 - 6*p**3. Let o be 1/(((-12)/4)/3). Calculate c(o).
7
Let a(d) = 2*d**2 - 15*d - 10. Let o be a(8). Let h(x) be the third derivative of -x**6/120 - x**5/60 + x**4/24 + x**3/3 + 5*x**2. What is h(o)?
4
Suppose 3*v - 3*i - 9 = 0, -v + 3*i = -1 + 2. Let r(w) = v*w**2 - w**3 - 5*w + w**2 + 1 - 5. Let a be r(5). Let q(b) = b**3 + 4*b**2 + 3*b + 6. What is q(a)?
-6
Let q be -3 + 0 + 3 + 0. Suppose 3*g - 2*x - 25 = q, 3*x + 17 = 2. Let c(i) = -i**3 + 7*i**2 - 7*i + 3. Calculate c(g).
18
Let g be (-38)/9 + 4/54*3. Let b(y) = -y - 3. Give b(g).
1
Let b(t) = t + 11. Let o = 19 + -28. Give b(o).
2
Let i(g) = -g**3 - 7*g**2 + 7*g - 5. Let d = -89 + 81. Give i(d).
3
Let c be ((-9)/12)/(2/(-72)). Suppose -4*q = 3*z + c + 5, -7 = 3*z - q. Let p(o) = -o**3 - 3*o**2 + 3*o - 1. What is p(z)?
3
Let h(q) = 2*q**3 + 2*q**2 - q - 3. Let b = -4 - -8. Let t be b/3*-3 + 1. Let s(l) = l**3 - l**2 + 1. Let r(g) = t*s(g) - h(g). Calculate r(-1).
5
Let d = 104 - 100. Let u(k) = -k + 5. Determine u(d).
1
Let r(v) = v**2 + 8*v + 4. Let d be r(-8). Let i(x) = 1 - 4 + d - 4*x. Suppose n - 7 = 5*k, 10 = 3*n - 5*k + k. Give i(n).
-7
Suppose -z = -0*z - 2. Let c(y) = -1 + 0*y - 6*y + 5 - y**z. Let u be (-45)/8 - ((-9)/(-24))/1. What is c(u)?
4
Let u(w) = w + 1. Let l = -50 + 70. Suppose -4*z = z + l. Determine u(z).
-3
Let f(k) be the first derivative of 1/2*k**2 + 7*k - 8. Give f(-4).
3
Suppose -2*t + 1 = -j, -j + 8 = -4*t + 3*j. Let k = -5 + t. Let a be (-3)/((-3)/k*-1). Let b(g) = 3*g - 1. Calculate b(a).
5
Let q = 54 - 63. Let l(b) = b + 22. Give l(q).
13
Let z(a) = a**2 - 4*a + 2. Suppose 4*r - 16 = -2*p, 6*r - 4*r + 4*p = 2. Give z(r).
7
Let r be 24/14 - 2/(-7). Let u(v) = 8*v - v**2 - 4*v + r - 4. Suppose 5*j - 4 = 6. Calculate u(j).
2
Let y(d) = d**3 + 4*d**2 - d + 4. Let m be y(-4). Let t(b) = -b + 12. What is t(m)?
4
Let a(i) = i**2 - 9*i**2 + 8*i**2 + 4*i - i**2. Let f(y) = y**3 - 4*y**2 + y + 1. Let p be f(4). What is a(p)?
-5
Let x(m) = 5*m**2 - 2*m**2 + 0*m**2 + m. Suppose 0 = 22*q - 16*q + 6. What is x(q)?
2
Let d(q) = -q**3 - 3*q**2 + q + 3. Suppose 19 = -j + k - 5*k, -4*k = 16. Give d(j).
0
Let h be (-18)/(-10) + 180/25 + -7. Let o(t) = -t**3 - 2*t**2 - 3*t + 3. Determine o(h).
-19
Suppose 5*a - a - 11 = -3*j, 7 = 2*a + j. Suppose a*f - 10 = 3*f. Let d(h) = -2*h - h + 2*h. Give d(f).
-5
Let o(b) = -2*b**3 + 17*b**2 - 15*b - 13. Let d(u) = u**3 - 9*u**2 + 8*u + 7. Let z(v) = 11*d(v) + 6*o(v). What is z(3)?
-7
Suppose 6 = m + m. Suppose -2*i = m*i. Let o(j) = -j**3 - j**2 + j + 12. Give o(i).
12
Let h(m) = 1 + m + 13*m**3 - 4*m + 3*m. Determine h(-1).
-12
Suppose -11 = -2*d + 1. Let y = 7 - d. Let r(i) = -i - 1. Determine r(y).
-2
Let l(a) = -3*a**2 - 14 + 23 - 8*a + 4*a**2. Give l(7).
2
Let g(c) = -2*c + 1. Suppose 15*r = 11*r - 24. Calculate g(r).
13
Let v(y) = -y**2 + 7*y + 1. Let l(z) = 5*z + 5. Let s be l(0). Calculate v(s).
11
Let k(u) = u + 2 + 3*u - 6*u. Calculate k(-3).
8
Let x(v) = v. Let d(n) = -6*n + 5. Let k(b) = -d(b) - 5*x(b). Determine k(3).
-2
Let f(o) = -o - 6. Let r be f(-8). Suppose r*d + d = 18. Let i(m) = 4 - m - 9 + 2. Determine i(d).
-9
Let j(y) be the second derivative of -y**4/12 + 7*y**3/6 + 2*y**2 - 9*y - 4. Give j(7).
4
Let u(w) = -11*w - 9. Let p(i) = 8*i + 6. Let m(f) = -7*p(f) - 5*u(f). Calculate m(0).
3
Let s(r) = 2*r + 6. Let x be s(-4). Let l(v) be the first derivative of 0*v**2 - 2*v + 1/3*v**3 - 2. Determine l(x).
2
Let c be (-66)/12*(-1 - 1). Let w(r) = 6*r**2 + 6*r - 7. Let k(m) = -3*m**2 - 3*m + 4. Let s(b) = c*k(b) + 6*w(b). Calculate s(-2).
8
Suppose -3*v + 2*r + 14 = 0, -v - v - 3*r + 31 = 0. Let s = v + -12. Let c(d) be the second derivative of -d**5/20 - d**4/3 + d**3/6 - 5*d**2/2 + d. Give c(s).
-9
Let i(x) be the third derivative of 0*x - 1/30*x**5 + 0 - 5/24*x**4 - 1/3*x**3 + 3*x**2. Suppose g = 4*z + 1, 3*g = -4*z - 0*z - 13. Calculate i(g).
-5
Let c(o) = -5*o**3 - o**2 - 12*o - 7. Let b(x) = 3*x**3 + x**2 + 6*x + 3. Let k(i) = -7*b(i) - 4*c(i). What is k(-5)?
27
Let t = 2 - 2. Suppose 3*g = -2*x + 29 - 12, -3*g + x + 14 = t. Suppose 5*m = -5*z - g, 0*z = z - 4*m + 11. Let s(a) = 2*a**2 + 3*a. Calculate s(z).
9
Let m(f) = -2*f**3 - f**2 + 3*f - 6. Suppose 5*q - 10 = -3*l + 22, 0 = -5*q - l + 24. Let v be m(q). Let w be v/33 + 8/44. Let n(p) = -p**2 + 4. Give n(w).
-12
Let u(n) = -n + 0 + 0 + 4*n**2 - 5. Let w(k) be the second derivative of -5*k**4/12 + k**3/3 + 5*k**2/2 - 5*k. Let x(y) = 6*u(y) + 5*w(y). What is x(4)?
-5
Let f = 59 + -57. Let a(c) = c**3 - 4*c**2 + 4*c - 2. What is a(f)?
-2
Let u(j) = j**3 - 8*j**2 + 6*j + 9. Let p be u(7). Let t be (p - 2)/(-2) + -2. Let b be t/4 + 2/(-4). Let s(l) = l - 1. What is s(b)?
-2
Suppose h = -j - 2*j + 20, -j + 2*h = -2. Suppose 2*k = 5*k - j. Let s(p) = 3 + 4*p - k*p + 1. Give s(-5).
-6
Let v(r) = -r**3 + 6*r**2 - 6*r - 4. Let m be (-2)/(-10) + (-216)/(-45). Determine v(m).
-9
Let c(u) be the first derivative of 5*u + 4. Let j(x) = x**2 - 11. Let i(w) = -9*c(w) - 4*j(w). Let h = 3 - 2. Give i(h).
-5
Let y(b) = -b**2 + b. Let f(r) = -r**3 - 8*r**2 + 11*r + 8. Let j(q) = -f(q) + 3*y(q). Calculate j(-6).
4
Suppose m - 92 = -3*d + 6*m, -3*d - 5*m = -52. Suppose -4*v + 3*a = -9*v + d, -4*v - a + 15 = 0. Let z(j) = 6*j**3 - j**2 + 0*j**2 + j**v. Determine z(1).
6
Let t(q) = 17*q + 1. Let v be t(1). Let w = -12 + v. Let y(s) = 4*s - 6 - 4*s**3 + 5*s**3 + w*s**2 - s. Give y(-5).
4
Let n(h) = -h**3 + h**2 + 4. Let f(l) = -l**2 - 3*l - 2. Let r be f(-2). Let b be r + 3/(-3) + 1. Calculate n(b).
4
Let p(d) = -d**2 + d - 8. Suppose 0 = o - 3*u - 15, o + 0*o = 2*u + 10. What is p(o)?
-8
Let g(n) = n + 2. Suppose -4*x - 5*f - 50 = 0, -4*x + 3*x + 2*f = 6. Let y = 7 + x. What is g(y)?
-1
Suppose 0*b - 4*b = -8. Let o(r) = -b - 8*r - 2*r**2 + 4*r + r**3 + 3. Suppose 4*j - 3*x = 24, -1 - 4 = 5*j + 5*x. Give o(j).
-2
Let v(g) be the first derivative of g**4/4 - 11*g**3/3 - 11*g**2/2 - 6*g - 7. Give v(12).
6
Suppose 2*x - 5*d + 12 - 38 = 0, -4*d - 16 = 0. Let n(o) = x*o + 3 - o + o. Let w = -3